 4*s. Let q = -1 - 2. Let u(y) = q*a(y) + g(y). Calculate u(-2).
-2
Suppose -4*i + 7 = -1. Suppose -5*z + i*z = -6. Let t(f) = -1 + 2*f + f - z*f. Calculate t(4).
3
Let v = -1 - -4. Suppose -f + 8 = v*u, u - 3 + 2 = 0. Let b(z) = 0*z**2 + 3*z**3 - 2 - 2*z**3 - 5*z**2 + z. Give b(f).
3
Let x(l) = -6*l - 3*l**2 - l**2 + l**3 - l**2 + 0*l. What is x(6)?
0
Suppose 5*v = 3*v - 2. Let a = 3 + v. Suppose -3*o - 23 = a*z, 4*o + 51 = -5*z + 11. Let k(j) = -j**2 - 7*j - 5. Determine k(o).
5
Let z = 4 - 8. Let n(w) = 2*w**2 + 4*w - 6. Let i(v) = 3*v**2 + 6*v - 9. Let u(f) = 5*i(f) - 8*n(f). Give u(z).
-5
Let c(a) = -a**2 - a + 6. Let k = 74 - 74. What is c(k)?
6
Suppose -6 = 2*s + s, -6 = -4*k + 3*s. Suppose 2*t - 5*t + 12 = k. Suppose -3*r - 21 = r + m, 4*r - t*m + 36 = 0. Let o(w) = w**2 + 8*w + 9. Give o(r).
-3
Let o(j) be the first derivative of -4*j + 2*j**2 - 1/3*j**3 - 9. Determine o(4).
-4
Let u(g) = 1 + 6 - 2 + 61*g - 55*g + 2*g**2. What is u(-5)?
25
Let u(j) = 3*j**3 - 2*j**2 - 6. Let i(z) = 5*z**3 - 3*z**2 + z - 11. Let l(k) = 4*i(k) - 7*u(k). Calculate l(3).
1
Let q = 3 + -2. Let n(c) be the first derivative of -c**3/6 + c**2/2 + 5*c - 6. Let l(m) be the first derivative of n(m). What is l(q)?
0
Let u(y) = -3*y**2 + 4*y - 17. Let n(f) = -f**2 + f - 6. Let t(m) = 17*n(m) - 6*u(m). Let z = 120 + -114. Give t(z).
-6
Let u(c) = c**3 + 2*c**2 - 5*c - 3. Let l be u(-3). Let f(d) be the first derivative of -1/3*d**3 - 3*d + d**2 - 4. What is f(l)?
-6
Let j(f) = f**2 - 2*f**2 + f - f**2 - 1. Let k be -3 + (5 - 3) + 2. Give j(k).
-2
Let j be -2*((-30)/(-4) + -3). Let h be ((-3)/j)/(2/42). Let r(i) = -i**3 + 6*i**2 + 6*i + 6. Calculate r(h).
-1
Let s(h) = -4*h**2 - h**2 + 58 + 58 - 115 + h**2. Let q be 1 - (1 + 1)/(-2). Determine s(q).
-15
Let j be ((-24)/16)/((-6)/8). Let s(t) = -2 - t**2 + j - 1 - 11*t**2. Determine s(-1).
-13
Let o(r) = r**2 - 3*r - 1. Let x(v) = -v**3 - v**2 + v + 3. Suppose -5*p = -3*p. Suppose p = 6*d - 2*d. Let a be x(d). Determine o(a).
-1
Let g(o) = -o + 4. Suppose -r - 3 = -0*r - 2*l, -2*r - 2*l = -12. Let i be 1/2*(r + 3). Suppose -5*j - 4*f = 5, -i*f - 15 = -0*f. Calculate g(j).
1
Let f(j) = j**2 - 4*j + 3. Suppose 5*m + 60 = 20*m. What is f(m)?
3
Let r(d) = d - 1. Let i(q) = -7*q + 4. Let f(a) = -i(a) - 6*r(a). Suppose 0*z = -5*z + 25. Let b = z - 5. Calculate f(b).
2
Let a(s) = 5*s + s**3 - 3*s**2 + 5*s - 2 - 3*s - 3*s. Let c(x) = 3*x - 1. Let u be c(-1). Let t = -2 - u. Give a(t).
2
Let a(q) be the second derivative of q**4/4 - q**2/2 + 2*q. Let k be a(1). Let b(r) = 0 - 5 + 2 + r + k. What is b(-2)?
-3
Let p(a) = 19 - 11 + a - 10. Calculate p(0).
-2
Let d(u) = -8*u - 1. Let o = 7 + -5. Suppose -3*v = 2*v - 10. Let z be 2*(v + (-5)/o). Give d(z).
7
Let r(v) = v**2 - v - 7. Let n = -14 - -13. Let c be ((-4)/n + -4)/(-2). Determine r(c).
-7
Suppose 2*j - y - 18 = 3*y, 4*j + 4*y = -24. Let m be 3 + 1*(-2 - j). Let o(w) = -2*w**m - 2*w + 0*w - w**3 - 3*w**2 + 5. Determine o(-4).
-3
Let n be 6/33 + 72/(-33). Let c(y) be the third derivative of -1/24*y**4 - 1/20*y**5 + 0*y + y**2 - 1/120*y**6 + 1/3*y**3 + 0. Determine c(n).
0
Let d(p) = -p - 52*p**3 + 3*p + 3*p**2 - 5*p + 51*p**3 + 2. Suppose -5*b = 3*s - 27, b = 2*s + 3*s + 11. Let q be (-1 + 6/4)*b. Give d(q).
-7
Let p be 1*((-3 - -3) + 3). Let d = -4 + p. Let b(s) = -s**2 + s. Give b(d).
-2
Let q(d) = d - 1. Let l(y) = -y**2 + 2*y - 12. Let h(t) = l(t) - 6*q(t). Suppose 2*m = -3*b - 56, -4*b + m = -2*b + 28. Let v be b/6*3/2. Give h(v).
-6
Suppose 2*d - b = 3, -5*d - 2*b = -0 - 3. Let k(i) = 7*i + 1. Determine k(d).
8
Let k(f) = f**2 + 6*f + 6. Let t = -5 + -6. Let o = t - -6. Give k(o).
1
Let f(y) = -2*y**3 - y**2 - 2*y - 2. Let c be ((-4)/(-3))/((-1)/3). Let p = -3 - c. Let w(u) = -u**3 - u - 1. Let n(z) = p*f(z) - w(z). Calculate n(-1).
0
Let c(u) = 2*u + 2. Suppose x - 5*d + 10 = -9, 4*x - 49 = -5*d. Suppose -2*f + 6*h - 2*h = -x, 0 = h + 3. Let k = f - -5. Give c(k).
6
Let l(c) be the first derivative of c**3/3 - 2*c**2 + c - 1. Suppose 7 - 19 = -4*i. Give l(i).
-2
Let k(j) = -j + 1. Let b(q) = -2 - 3 + 4 - 1. Let u(s) = -2*b(s) - 4*k(s). Determine u(-3).
-12
Let p = 41 + -43. Let a(f) = f**3 - 2*f. Determine a(p).
-4
Suppose -5*n + 8 = 53. Let c(k) = -k - 13. Give c(n).
-4
Let c(k) be the third derivative of -k**9/8640 + k**8/20160 + k**7/5040 - k**6/720 + k**5/15 - 4*k**2. Let d(l) be the third derivative of c(l). What is d(1)?
-6
Let h(w) = w + 5. Let s(z) = -z. Let n(c) = -h(c) - 5*s(c). Determine n(5).
15
Suppose 4*x - 15 = 49. Let w be (-2 - x/(-6))*-6. Let z(j) = -j**2 + 4. What is z(w)?
-12
Let l(q) = 4*q**2 + 11*q - 2. Let c(a) = -5*a**2 - 11*a + 1. Let i(z) = 5*c(z) + 6*l(z). Calculate i(9).
11
Let u(n) = -1 - 6*n + 19*n - 11*n - 6*n**2. Determine u(1).
-5
Let t(z) = z**3 - 4 + 2 - 6*z + z**2 + 2*z**2. Let q be 2/(-3) + 10/(-3). What is t(q)?
6
Let c(h) be the third derivative of -h**7/1008 + h**6/360 + 2*h**5/15 + 5*h**2. Let n(a) be the third derivative of c(a). Calculate n(2).
-8
Let y = -11 + 8. Let w(x) = -x**2 - 2. Let j(u) = 3*u**2 - u + 6. Let t(m) = -2*j(m) - 7*w(m). Determine t(y).
5
Let q(l) = l**2 - 9*l + 9. Let k be q(8). Let p(n) = 9*n**2 - n. What is p(k)?
8
Let h(w) be the first derivative of w**2/2 - 7*w - 17. Let q be ((-24)/9)/(2/(-3)). Determine h(q).
-3
Let j(t) be the third derivative of t**4/24 - t**3/2 + 17*t**2. Calculate j(2).
-1
Let h(p) = 14*p**2 + p - 19*p**2 + 1 + 0*p - p**3. Suppose -2 = -2*a, 0 = y + y - 4*a + 14. What is h(y)?
-4
Suppose -c - 3*c = -8. Let v be c/3*90/12. Let q(w) = w + 5 + 2*w**3 + 6*w**3 + 5*w**2 - 9*w**3. Determine q(v).
10
Let c(z) = 8*z**2 + 28*z - 15. Let k(o) = 7*o**2 + 27*o - 14. Let s(m) = 3*c(m) - 4*k(m). Let q(n) = -n**2 - 8*n + 4. Let y(w) = -7*q(w) + 2*s(w). What is y(5)?
9
Let m(f) = -4*f - 24. Let l be m(-7). Suppose 4*x + 6 = 2. Let w = x + l. Let p(i) = 2*i**2 - 5*i + 4. What is p(w)?
7
Let z(b) = -4*b + 3. Let k be z(2). Let c = 15 - 19. Let q(p) = -7*p - 10. Let w(l) = -l - 1. Let n(t) = c*w(t) + q(t). What is n(k)?
9
Suppose -2*z - 9 = 4*n - 1, -5*n + z + 4 = 0. Let o(w) = w - 4. Give o(n).
-4
Let t(y) = -y. Let q(o) = 2*o - 9. Let i(f) = q(f) + 5*t(f). Determine i(-7).
12
Suppose 2*c + 5 = -3*x, x + 3*x - 16 = 3*c. Let t(d) = -1 + x - 7*d**2 + 0 + 1. Give t(1).
-6
Let p(g) = 2*g**2 - 2*g**2 - 1 + 9*g**2 - 3*g**2. What is p(-1)?
5
Let z(c) = 1 - 3 + 5*c**2 - c**3 - 4*c + 5. Let k(d) be the third derivative of d**5/60 + d**4/24 + d**3/3 - d**2. Let w be k(0). Calculate z(w).
7
Let b(a) = 3*a**3 + 2*a + 1. Let x(w) = -w**2 - 13*w - 13. Let r be x(-12). Determine b(r).
-4
Suppose -4 = 2*x - 8. Let l be 0*(x - 1)/(-1). Let t(w) = -w**3 - w + 11. Give t(l).
11
Let b(f) = -9*f**3 - f. Let t = -2 - -4. Let h be 7/5 + t/(-5). Calculate b(h).
-10
Let c(t) be the first derivative of -t**2/2 - 9*t + 23. What is c(-14)?
5
Let j(u) = u - 1. Let h = 6 - 5. Let c be j(h). Let q(i) = -i - 1. Calculate q(c).
-1
Let g(n) be the second derivative of -n**6/120 - n**4/24 + n**2/2 + n. Let u(b) be the first derivative of g(b). Let m = -369 - -367. What is u(m)?
10
Let v(h) be the third derivative of -3/20*h**5 + 0*h + 5*h**2 + 5/6*h**3 - 7/24*h**4 + 0 - 1/120*h**6. Determine v(-8).
-3
Let i(j) be the second derivative of j**7/2520 - j**6/120 + j**5/120 + j**4/4 + 7*j. Let w(g) be the third derivative of i(g). Give w(6).
1
Let s(n) = -6*n**2 - n - 1. Suppose z + 2 = 1. What is s(z)?
-6
Let k(r) = -r**3 - r**2 - r - 1. Let z(n) be the first derivative of -1/3*n**3 - n**2 + 1 - 6*n - 5/4*n**4. Let v(x) = -6*k(x) + z(x). Determine v(-4).
0
Let r(h) = -4*h + 7. Suppose 0 = -2*v - 5 - 3. Let b(n) = -5*n + 8. Let l(q) = v*r(q) + 3*b(q). Calculate l(5).
1
Let a be ((-1)/(2 - 1))/(-1). Let p(x) = 2*x + x + 4*x + a + 0*x. What is p(1)?
8
Let f(z) = z**3 - 4*z**2 + 5*z - 4. Suppose o = 5*p - 37, -2*p - p - o = -19. Suppose 0 = 5*r - p - 8. Give f(r).
2
Let y(g) be the third derivative of -g**4/24 + g**3 - 6*g**2. Determine y(5).
1
Let w(q) = q**3 + 4*q**2 + q - 3. Let j = -30 + 27. What is w(j)?
3
Let l(j) = 34*j + 2 - 37*j - 4. Give l(2).
-8
Let w(l) = -2*l**2 - 2*l + 1. Suppose -5*k + 4 + 6 = 0. Suppose 26 = -0*f + k*f. Suppose v = 3, -2*g + v + 2*v = f. Give w(g).
-3
Let l(i) be the third derivative of 2*i**2 + 1/8